+ 3*m. Calculate h(4).
-3
Let i(a) = -45*a**2 - 18*a - 18. Let b(v) = 13*v**2 + 5*v + 5. Let l(g) = -18*b(g) - 5*i(g). Let o = 1497 + -1496. Calculate l(o).
-9
Let x(k) = -2*k**2 - 15*k - 24. Let q be x(-5). Let d(l) = 2*l + 4. Give d(q).
6
Let q(g) be the third derivative of g**2 + 1/6*g**3 - 1/20*g**5 + 0 + 0*g + 0*g**4. Suppose 1632 - 1628 = 4*m. What is q(m)?
-2
Suppose -s + 18 = 12. Let m(q) = -1 + s + q**2 - 1 + 5*q. What is m(-4)?
0
Let j(l) = 25*l**2 + 11*l + 8. Let c(p) = -16*p**2 - 7*p - 5. Let y(x) = -8*c(x) - 5*j(x). Calculate y(-2).
10
Let z(w) = -w**2 - 4*w. Let o(g) = -g**2 + 4*g - 2. Let u be o(3). Let l = u + -5. Determine z(l).
0
Let f(h) be the second derivative of h**5/120 - h**4/24 - h**3 - 3*h**2/2 + 29*h - 1. Let k(p) be the second derivative of f(p). Calculate k(9).
8
Let i(v) be the first derivative of -v**3/3 - 3*v**2 + 8*v + 1168. Let z(h) = 5*h + 2. Let o be z(-2). Let t be o/(-6)*(-9)/2. Give i(t).
8
Let q(l) = 3*l + 4. Let t(u) = 5*u + 5. Let p(g) = -11*g - 11. Let n(h) = 4*p(h) + 9*t(h). Let j(b) = -4*n(b) + q(b). Calculate j(0).
0
Let q be 7*-5*10/(-175). Suppose 20 = j + 3*o - 8*o, q*j - 2*o = 24. Suppose -j = -0*n + 2*n. Let p(r) = r + 10. Calculate p(n).
5
Let b(n) = n**3 + 8*n**2 + 7*n + 7. Let h = 27 - -6. Let v = -40 + h. Calculate b(v).
7
Let t(u) = -2*u**2 + 5*u - 13 - 1 + 18. Determine t(4).
-8
Suppose b + q = -2*q + 11, -4*b + 10 = -5*q. Let t(l) be the third derivative of 0 + 1/24*l**4 + 1/3*l**3 + 0*l + 4*l**2 - 1/120*l**6 - 1/10*l**b. Give t(-6).
-4
Let a(d) = -d**2 + 5. Let g(o) = o**2 - 11*o - 20. Let m be g(9). Let t = 38 + m. Calculate a(t).
5
Let r(o) = -35*o + 666 - 2*o - 666. Determine r(1).
-37
Let g(m) = 10*m**3 + m**2 + 3*m + 12. Let x(p) = 21*p**3 + p**2 + 6*p + 29. Let f(q) = 5*g(q) - 2*x(q). Determine f(-2).
-56
Let a = -69 + 71. Let w(h) be the first derivative of h**4/4 - 4*h**3/3 - 3*h**2/2 + 3*h - 33. Give w(a).
-11
Let d = -10 - -14. Suppose -w + 0*w = 4*u + 23, -4*u - 8 = -d*w. Let j(i) = -13 + i + 13 + 7. Calculate j(u).
2
Let i be 88/10 - (-2)/10. Let s = i - 11. Let d(a) be the third derivative of -a**6/60 - a**5/30 + a**4/12 + 6*a**2 + 7. Determine d(s).
4
Let r be 0 + 0 + (0 - -38). Let b = r - 33. Let j(d) = 3*d - 1. Give j(b).
14
Let d(c) = 15 + 9 - 31 - 2 - 7*c + 13. What is d(-4)?
32
Let k(j) be the first derivative of 1/2*j**2 + 15*j + 28. Calculate k(0).
15
Let a = -312 - -324. Suppose 0*s - 35 = -4*x + 3*s, 2*s - 10 = -4*x. Suppose h = 4*h - m + 4, -x*h - a = m. Let t(o) = -5*o - 1. Determine t(h).
9
Let m = -55 - -67. Let s(n) = n**2 - m - n**3 + 10 - 3*n - 4*n**2. Calculate s(-3).
7
Suppose 4*o + 72 = 12*o. Suppose 0 = 3*n - o - 9. Let u(m) = -m**3 + 5*m**2 + 7*m. What is u(n)?
6
Let u(l) = 12*l + l**3 - 23*l - 6 - 2*l**2 + 10 + 5*l**2 + 9*l. Give u(-4).
-4
Let t(d) = 9*d + 37. Let y be t(-5). Let g(k) = k**2 + 7*k. Calculate g(y).
8
Let f(l) = 30 - 46 - 3*l + 16. Give f(-3).
9
Let i(c) = -c**3 + 4*c**2 - 3*c + 3. Suppose 3*s + 8 = 2*x, 2*x + s - 16 = -2*x. Suppose x*h + 3 = 5*h. Calculate i(h).
3
Suppose 3*f = 2*c + 60, 5*c + f = -10 - 123. Let a = c + 29. Let u(n) = 4 + n**a - n - 1 - 4. Determine u(-2).
5
Let g(n) be the second derivative of -n**5/20 - 2*n**4/3 + 5*n**2/2 - 75*n. Suppose 24 = q - 4*q. Give g(q).
5
Suppose 0*g = 5*g + 5*r - 15, -2*r = 0. Let x(n) = 2 - g*n + n - n + 4*n. What is x(-7)?
-5
Let k(r) = -12*r - 1. Let o be (3 + -6 + (-114)/(-30))*5. Calculate k(o).
-49
Suppose 4*m + 24 - 4 = 5*i, -3*i = 3*m + 15. Let n(v) = -v**3 - 6*v**2 - 6*v - 3. Give n(m).
2
Let x(y) = -y**3 - 14*y**2 + 2*y + 21. Let h be (-2 - (-3 + 3))*(-14)/(-2). Determine x(h).
-7
Let o(y) be the third derivative of -1/24*y**4 + 13*y**2 + 0*y + 23/6*y**3 + 0. Give o(0).
23
Let o = 26 - 13. Let g = o + -21. Let j(h) = -h**2 - 8*h - 1. Calculate j(g).
-1
Let i(t) = t**3 + 7*t**2 + 8*t + 5. Let h = -14 + 18. Suppose 3*z + 3 = -n, 5*n + 3*z - 1 = h*z. Suppose -18 = -n*s + 3*s. Give i(s).
-7
Suppose -4*z = -0*l - 4*l - 16, 4*l = -8. Suppose 0 = 2*w - w - z*k + 11, -5*w + k = 19. Let u(d) = -d**3 - 5*d**2 - 2*d + 3. Determine u(w).
-9
Let m be (-4)/10 - (-1 + (-42)/30). Let r = -1 + 4. Let f(j) = -r*j**2 + j**2 + j**m + 5 - 8 + j. Give f(0).
-3
Let k = -46 + 29. Let y = k + 18. Let h(d) = 2*d - 1. Calculate h(y).
1
Suppose -44 = 2*s - 26. Let q(o) = -o**2 - 8*o - 2. Calculate q(s).
-11
Suppose 5*n + 5 = -5*p, -3*p + 19 = 2*p - n. Let g(a) = -3*a**2 - 2. Give g(p).
-29
Let y be (-272)/12*3/(-4). Let x(w) = -w + 15. Calculate x(y).
-2
Let n(j) = j**3 - 3*j**2 + 2*j - 3. Let u = -23 - -19. Let w = 1 - u. Suppose w*b = -3*q + 14 + 13, -2*b = q - 10. What is n(b)?
3
Let y(v) = 3*v**3 - 6*v**2 - v - 6*v - 9 + v - 2*v**3. Let h be ((-52)/16 + 3)*-28. Give y(h).
-2
Let n(g) = -4*g + 12. Let t(b) = -9*b + 31. Let k(h) = -7*n(h) + 3*t(h). Calculate k(7).
16
Let b(t) = -3*t**3 + 4*t**2 + 2. Let p(c) = -9*c**3 + 4*c**3 + 6*c**3 + 0*c**3. Let m(j) = -b(j) - 2*p(j). What is m(3)?
-11
Let n(w) be the first derivative of -w**4/4 - w**3/3 - w**2/2 - w - 13. Suppose g + 22 = 5*q, -q = -5*g + 2*q - 22. Give n(g).
5
Let n(o) = -o - 5*o + 13*o + 1 - 2*o**2. What is n(5)?
-14
Let v be (-10 - -5)*4/(-10). Suppose -v*c + 6 = -c. Let i(y) = y**3 - 7*y**2 + 3*y + 8. What is i(c)?
-10
Let s(f) = -4*f**2 + 7*f - 5. Let n(k) = 5*k**2 - 7*k + 5. Let a(j) = -3*n(j) - 4*s(j). Give a(3).
-7
Let a = 0 + 0. Let z(c) = 19*c**3 + 2*c**2 - 1. Let b(g) = 25*g**3 + 3*g**2 - 3. Let k(j) = -3*b(j) + 4*z(j). Calculate k(a).
5
Let y = 98/33 - 29/11. Let h(n) be the first derivative of n - y*n**3 + 1/2*n**2 - 1. Determine h(-2).
-5
Suppose 3*m + 4*x + 1 - 19 = 0, 0 = 4*m - 3*x + 1. Let k(u) = 3*u**2 - m - 2*u**2 - 2*u + 7*u. Determine k(-3).
-8
Let m(y) = 2*y + 0*y**2 + 17 - y**2 + y**2 - y**2 - 19. Determine m(0).
-2
Let c(g) = -g**3 - 7*g**2 - 4*g + 3. Suppose -40 - 40 = 16*i. Calculate c(i).
-27
Suppose 6 = 7*m - 8. Let c(j) = 2*j**2 + m + 21*j - 16*j - 3*j**2. What is c(4)?
6
Let c(q) = q**3 + 5*q**2 + q - 3. Let n(j) = -3*j + 70. Let o be n(25). What is c(o)?
-8
Let q(r) = -5*r - 33. Let b(s) = 56*s - 902. Let y be b(16). What is q(y)?
-3
Let h = -5 - -13. Suppose 0 = -g + 1 - h. Let d(y) be the second derivative of -y**3/6 - 7*y**2/2 + y. What is d(g)?
0
Let s(c) = 12*c**3 - 2*c**2 + 2*c - 1. Suppose -11*f + 137 = 126. Calculate s(f).
11
Let j(a) = a**3 - a**2 + 2*a - 1. Let x(h) = -3*h**3 - 5*h + 5. Let c(v) = 2*j(v) + x(v). Calculate c(-2).
5
Let x be 30/(-135) + 86/(-18). Let k(u) = u**3 - u**2 + u + 1. Let s(l) = l**3 - 7*l**2 + 2*l - 3. Let y(i) = -2*k(i) + s(i). Determine y(x).
-5
Let u(n) = -11*n**2 - 15*n + 14. Let s(w) = 4*w**2 + 5*w - 5. Let c(r) = -8*s(r) - 3*u(r). Suppose -2*p = 3*p. Suppose p*i = 2*i + 10. What is c(i)?
-2
Suppose 4*h = 3*b + 20, 2*h = h - 5*b - 18. Let t(v) = v**h + 3*v - 2*v**2 - 6 + 0. Let o = -3234 - -3239. Give t(o).
-16
Let b(r) = r - 13. Let z(y) = -9*y + 47. Let l be z(6). Determine b(l).
-20
Let o(f) be the third derivative of f**4/24 - 2*f**3 - 7*f**2. Let a be o(8). Let p(u) = u**3 + 3*u**2 - 4*u + 3. What is p(a)?
3
Let r(d) be the first derivative of -3*d**2/2 - 2*d - 269. Suppose x + x = 6. Calculate r(x).
-11
Let s be (-48)/21 - (-2)/7. Let j(p) = -p**2 - 5*p - 6. Determine j(s).
0
Suppose -2*a - 3*a + 10 = 0. Let p(m) = 4 - a + 2*m + m**2 - 2*m - 5*m. Determine p(3).
-4
Let h(f) be the second derivative of f**4/12 - f**3/6 + 38*f. Give h(0).
0
Let w be -2*(-1)/(-1) - -2. Let y(k) be the third derivative of k**5/60 - 5*k**3/3 + 12*k**2 + 4*k. Calculate y(w).
-10
Let o(p) = 2*p. Let r(d) = 9*d + 2. Let y(v) = -5*o(v) + r(v). Calculate y(-3).
5
Let t(x) = 4*x - 5*x**2 + 0*x - x**3 + 3 + 3*x. Let y be -3*(-2 - 0) + -2. Suppose 2*d - 12 = y*d. Determine t(d).
-3
Let u be 2 - (-40)/(-28) - 80/(-56). Let c(b) = 5 - 4 - 6*b**2 - b + b**3 + 3*b + 4*b**u. What is c(-2)?
-19
Let r = -9 - -2. Let n(t) = -5*t + 40 - 88 + 3*t + t + 42. Give n(r).
1
Let d(y) be the first derivative of -y**3/3 - y - 2. Suppose -26*v = -18*v + 16. What is d(v)?
-5
Let b(c) = 3*c**3 + 4*c**2 - 8*c + 3. Let t(j) = -13*j**3 - 16*j**2 + 30*j - 14. Let u(y) = -9*b(y) - 2*t(y). What is u(-6)?
1
Let z(n) = -5*n**2 - 11*n. Let s(k) = 14*k**2 + 32*k + 1. Let m(q) = -6*s(q) - 17*z(q). Let y(o) = o - 1. Let c = 23 +